306 = -2*s, -11 = -4*s + 9. What are the prime factors of v?
79
Let z(q) = q**3 + 18*q**2 - 6*q + 30. List the prime factors of z(-15).
3, 5, 53
Suppose 2*t + 0*t = 26. Suppose -5*b = 2*s - t - 15, 3*s = b + 8. Suppose -120 = -3*a + k + b*k, -a + k = -40. List the prime factors of a.
2, 5
Let n = -11 - -17. Suppose -4*b = 2*i - n*i - 4, 12 = 3*i + 2*b. Suppose -66 = -i*l + 4*m, 4*l - 4*m = -m + 152. List the prime factors of l.
41
Let k(p) = p**2 - 15*p + 14. Let g be k(15). Let z = g + -17. Let b(n) = -n**3 - 2*n**2 - 4*n. What are the prime factors of b(z)?
3, 7
Let n be (-75)/(-2) - -1 - (-3)/6. Let f = -11 + n. What are the prime factors of f?
2, 7
Suppose 3*j + 5*t = 6*j + 19, 0 = -5*j - 5*t + 35. Suppose 0 = j*f - 3*f + 85. List the prime factors of f.
5, 17
Let n = 53 + 336. List the prime factors of n.
389
Let q = -100 + 100. Suppose i - 214 = -q*i. What are the prime factors of i?
2, 107
Suppose -1071 = -5*v - 4*x, 0 = 49*v - 52*v - 4*x + 641. What are the prime factors of v?
5, 43
Suppose 7 = 6*v - 11. Suppose -2*i = v*i. Suppose -3*j + 13 + 77 = i. List the prime factors of j.
2, 3, 5
Let j be (-4)/(16/(-908)) + 4. Let y = -104 + j. Let v = y + -76. List the prime factors of v.
3, 17
Let w be (-7)/((-28)/(-3))*-1032. Suppose 22*n - 16*n = w. What are the prime factors of n?
3, 43
Let m(z) = 550*z**3 + z**2 + z. List the prime factors of m(1).
2, 3, 23
Suppose -15*l - 617 = -14*l. Let j be l/(-6) + (-4)/(-24). Suppose j + 25 = 4*y. List the prime factors of y.
2
Let k(v) = v**2 - 1. Let r(l) = l**3 - 14*l**2 - 9*l + 12. Let a(m) = 6*k(m) + r(m). Let b be a(9). Suppose -b*o + 9 + 393 = 0. List the prime factors of o.
67
Let x = 3248 - 536. List the prime factors of x.
2, 3, 113
Let w(a) = -5*a + 3. Let h be w(-5). List the prime factors of h/6*(-36)/(-14).
2, 3
Let n(p) = 3*p. Let y be n(1). Suppose 0 = -2*t - y*w, -5*t + 4*w = -t - 20. Suppose 65 = t*c - 16. What are the prime factors of c?
3
Let t(u) = -18*u + 43. Suppose 2*d = -m + 6*m - 8, -m + 52 = -4*d. List the prime factors of t(d).
5, 59
Let l = -3399 + 4862. List the prime factors of l.
7, 11, 19
Suppose 3*i = 8*i + 20. What are the prime factors of 184 + (-7 - (i + 1))?
2, 3, 5
Suppose 0 = 3*l + 5*v - 31 - 5, -l + 12 = 3*v. Let k be l - (8 + -3 + -1). Suppose -8 = -2*n + k. What are the prime factors of n?
2
Suppose -4*m - 3*v = -333, 2*m = 3*v + 121 + 32. List the prime factors of m.
3
Let s be (-9)/((-9)/2) + 2. Let j = s - -1. Suppose 2*g - 3 = 2*f - 1, 0 = j*g - f - 17. List the prime factors of g.
2
Let d(j) be the second derivative of 43*j**4/4 + j**3/6 - j**2/2 - 13*j. List the prime factors of d(1).
3, 43
Let i(j) = -7*j**3 + 22*j + 88. List the prime factors of i(-9).
4993
Let c be 1885/5 - 0/(-4). Suppose -d = -4*x - 57, 5*x - 8*x = 5*d - c. What are the prime factors of d?
73
Let a(t) = -3*t**2 + 2*t - 22. Let z(l) = 7*l**2 - 3*l + 43. Let v(g) = -5*a(g) - 2*z(g). What are the prime factors of v(8)?
2, 7
Suppose -2*i + t = -98 - 118, -3*i - 5*t = -298. Let j = i + 3. List the prime factors of j.
109
Suppose 2*x + 2229 = 5*p, 2*p - p - x - 447 = 0. What are the prime factors of p?
5, 89
Suppose 21*t - 31*t + 13260 = 0. List the prime factors of t.
2, 3, 13, 17
Suppose t + 2 = 4. What are the prime factors of (6560/(-12))/(-4) + t/(-3)?
2, 17
Let w(v) = -v**2 - 5*v - 2. Let r be w(-6). Let b = r + 16. Suppose 0 = 2*l + b - 20. List the prime factors of l.
2, 3
Let i be (-6 - -10) + (1 - -7)/2. Suppose i*g = -159 + 679. What are the prime factors of g?
5, 13
Suppose 3*j - 6 = -5*a + 1, 0 = 3*a - 3*j - 9. Suppose 7 = a*s - 5. List the prime factors of s.
2, 3
Let d = 13 + 27. Suppose 0*m - 5*m = 0. Suppose m*a = a - d. What are the prime factors of a?
2, 5
Let q(i) = i**2 + 7*i - 11. Let t be q(-9). Suppose -3*d - 448 = -t*d. Let a = 157 - d. What are the prime factors of a?
3, 5
Let g(s) = 5*s - 3. Let m be g(3). Let h(d) = -9*d + m*d**2 - 7*d**2 + 1 - 4*d**2. List the prime factors of h(11).
23
Suppose 369 = o - 5*z, 8*o - 4*o - 1366 = -2*z. Suppose 0 = -2*b - 4*r + o, -b + 142 = -2*r - 2*r. What are the prime factors of b?
2, 3
Let f(q) = 2*q**2 - 3*q - 7. Let s be f(-2). Let o(u) = 7*u**2 + 3*u + 2 + 2*u**3 + 5 - 3*u**3. List the prime factors of o(s).
2, 7
Suppose -8*n = -39*n + 136648. What are the prime factors of n?
2, 19, 29
Suppose -19*o + 400 = -2070. List the prime factors of o.
2, 5, 13
Suppose -3*y - 4*j + 1629 = j, 4*y - 2146 = 2*j. List the prime factors of y.
2, 269
Suppose 54*o - 18294 - 93486 = 0. What are the prime factors of o?
2, 3, 5, 23
Suppose j - 4*j - g = 275, 15 = -3*g. Let w = 35 + j. List the prime factors of (-10)/w - (-216)/22.
2, 5
Let l(p) = 5*p**2 - p - 1. Let r be l(-1). Suppose 0 = r*a - 126 - 64. List the prime factors of a.
2, 19
Let d be 0 + -152 - 40/8. Let p = d - -204. What are the prime factors of p?
47
Let b be 194/18 - (-10)/45. Let i(j) = 3*j - 10. What are the prime factors of i(b)?
23
Let h(s) be the second derivative of 4*s - 1/2*s**2 + 0*s**4 - 1/3*s**3 - 33/20*s**5 + 0. List the prime factors of h(-1).
2, 17
Let u(i) = 4*i**2 - i + 4. Let l(d) = 4*d**2 - d + 4. Let v(k) = 6*l(k) - 5*u(k). List the prime factors of v(4).
2
Let k = 7 - 5. Suppose 4*v + 22 = k*v. Let c = v - -22. List the prime factors of c.
11
Suppose -4*s = m - 25, 2*m - 5*s = -3*m. Suppose -3*r = 4*x - 88, -2*x - m*r + 49 = 5. What are the prime factors of x - (-2 + 4 - 2)?
2, 11
Let v = -703 - -2476. What are the prime factors of v?
3, 197
Suppose 2*z - 9*p - 571 = -12*p, 4*p - 273 = -z. What are the prime factors of z?
293
Let f = -313 - -841. What are the prime factors of f?
2, 3, 11
Let n be 64/10 - (-18)/30. Suppose -n*p + 17*p = 2680. List the prime factors of p.
2, 67
Suppose 4*y - 1202 = 2*l + 302, -3*y + 1134 = -3*l. Let c = y + -218. List the prime factors of c.
2, 3, 13
Let j(w) = 4*w**2 - 17*w - 11. Let n be j(12). Let s = n + -249. List the prime factors of s.
2, 7
Suppose 5*f = -s + 19, 2*s + 4*f = s + 15. What are the prime factors of (-2)/(s - (-4 + 4))?
2
Suppose 5*r = -2*o + 4*o + 4, -5*r = -3*o - 1. What are the prime factors of 48*(o + -2) + 2?
2, 5
Let m(r) be the first derivative of -r**3/3 - 9*r**2 - r - 3. List the prime factors of m(-12).
71
Suppose 2*p = r - 99 + 394, p - 134 = -4*r. Let d = 1 + p. List the prime factors of d.
3, 7
List the prime factors of 1 + -1 + 1484 + (-205)/(-205).
3, 5, 11
Suppose -2*o + 6*o - 8 = 0. Suppose -o*j - 40 = 58. What are the prime factors of 2/7 + (-1211)/j?
5
List the prime factors of (180/(-14))/(5/((-1120)/12)).
2, 3, 5
Let h(m) = -m - 10. Let v be h(-10). Suppose 4*k - 2 - 6 = v. Suppose 4*o - 20 = -4*p, -4*p = -k*o - 7*p + 10. What are the prime factors of o?
5
Let v = -18 + 80. Suppose s - 224 = -5*q, -3*q + v + 71 = 2*s. Suppose -4*g = -5*a + 45, -g + q = -3*a + 8*a. List the prime factors of a.
3
Let r = 80 - 77. Suppose -r*j + 22 = -4*l, 8 = 4*j - 4*l - 16. What are the prime factors of j?
2
Let v be 0 - 4/(16/(-212)). Let s = 8 - v. What are the prime factors of ((-1332)/s)/(6/15)?
2, 37
Let n(k) = k**3 - 2*k**2 + 10*k - 16. What are the prime factors of n(8)?
2, 7
Let n(r) = -r**2 - 5*r + 8. Let u be n(-6). Let k = u - 2. Suppose 8*t - 11*t + 33 = k. List the prime factors of t.
11
Let g be (3 + 2)*(-8)/5. Let k = 32 - g. Suppose 0*o - 4*o + k = 0. List the prime factors of o.
2, 5
Suppose 0 = 3*i - 6*i. Suppose i = -w - w - 424. List the prime factors of (-6)/4 - w/8.
5
Let f(l) = -l**3 + 22*l**2 - 31*l + 2. List the prime factors of f(20).
2, 7, 13
Suppose 2*f = -f + 4*m + 19, -4*f + 16 = 4*m. Suppose 40 = i - 5*q, -3*q - 5 = -i - f*q. List the prime factors of i.
3, 5
Let s(r) = -r**2 - 6*r + 5. Let j be s(-9). Let h = 15 + j. What are the prime factors of (10 - 6) + (1 - h)?
2, 3
Let i = 1261 - 380. What are the prime factors of i?
881
Let j = 6 - -2. Let q = 24 + j. List the prime factors of q.
2
Suppose r + 5 = 3*k - 24, -k + 5*r = -5. Let t = k + -13. Let i = 10 + t. List the prime factors of i.
7
Suppose 0 = -10*u + 1672 + 19748. What are the prime factors of u?
2, 3, 7, 17
Suppose -2*a + 3*h + 189 = -327, 2*h + 1048 = 4*a. List the prime factors of a.
2, 3, 11
Suppose 5*r - 2*b + 25 = 0, -2*r - b - 10 - 9 = 0. Let g be (r + 7)/(-1 - 1). Suppose g = -3*i - i + 64. 